s the highest common factor of d and 9?
9
Let x be 4/1 + -1*1. Suppose -3*h + h = -x*v + 44, 4*h = -3*v + 38. Suppose 3*k = 2*k + 14. What is the greatest common factor of v and k?
14
Suppose -6*g + 3*g = -66. Calculate the highest common factor of 55 and g.
11
Let o = -9 + 3. Let c be (-152)/o + 1/(-3). Calculate the greatest common factor of c and 5.
5
Let z = 197 - 133. Calculate the highest common factor of 8 and z.
8
Suppose -2*m + 0*m = f - 10, -2*f = -4*m - 60. Suppose -3*w = -0*c + c - f, w = 4*c - 41. Let h = c - 0. What is the highest common factor of 11 and h?
11
Suppose -4*i - 145 = -3*j, 2*i + 2*i = 2*j - 90. Let g(d) = -d + 16. Let o be g(11). Calculate the greatest common factor of j and o.
5
Let s(i) = i**2 - i - 6. Let l be s(-4). What is the greatest common divisor of 28 and l?
14
Let g be (-1 - 0)/(5/(-25)). Suppose -n = g*h - 5*n - 12, -3*h + n = -10. Suppose 2*a - 14 = h. What is the greatest common divisor of a and 18?
9
Let s(z) = -7*z - 1. Let y be s(3). Let k be (y/(-1) - 2) + -1. Suppose 3*b + k + 57 = 5*i, -2*b = -6. Calculate the greatest common divisor of i and 136.
17
Suppose -3*c + 922 = 5*f, -5*c - 508 = -4*f - 2020. What is the highest common factor of c and 16?
16
Suppose -5*d = 4*o - 6, 5*o + 4*d = 3*d + 18. Calculate the greatest common factor of o and 20.
4
Suppose 8 = -6*o + 2*o. Let a be 4/12 + o/(-3). Suppose 4*u + d + a = 2*d, 3*d - 10 = 5*u. Calculate the greatest common divisor of 1 and u.
1
Let x be ((-9)/5)/(3/(-45)). Let g = -7 + x. What is the highest common factor of 120 and g?
20
Suppose -5*u = -8*u + 123. Suppose 2*s + j = -5 + u, 0 = 4*s + 5*j - 66. What is the highest common factor of 19 and s?
19
Let n(h) = -1. Let l(b) = b**2 + 3*b - 11. Let s(d) = l(d) - 5*n(d). Let z be s(-6). Let v be 1*(-6)/4*-2. Calculate the highest common divisor of z and v.
3
Suppose 4*n + 20 = 6*n. Let j = n - 1. What is the greatest common divisor of j and 1?
1
Suppose -3*g = -2 + 11. Let m be (4 - -1)*(g + 5). Let u(h) = -6*h + 14. Let l be u(-11). Calculate the highest common divisor of m and l.
10
Let q(y) = -y**3 - 3*y**2 - 2*y - 6. Let r be q(-4). Calculate the highest common factor of 6 and r.
6
Suppose 2*j - 3*j = -36. What is the highest common factor of 54 and j?
18
Let t(u) = u**3 - 6*u**2 - 2*u + 15. Let r be t(9). Calculate the highest common divisor of r and 15.
15
Let c be (-1 + 0)*-1 + 1. Let m(b) = 11 - b**3 - 6*b**2 + 0 - 2*b**c + b. Let d be m(-8). Calculate the greatest common factor of d and 12.
3
Suppose 3*f - 3 - 6 = 0. Suppose 0 = a - f*a + 308. What is the greatest common divisor of a and 14?
14
Let s = 60 - 38. What is the greatest common factor of 2 and s?
2
Suppose 0*u - 280 = -2*u. Let j be u/7 + (-2)/(-2). Calculate the greatest common factor of 14 and j.
7
Suppose 2*a + 6*a - 992 = 0. What is the greatest common factor of 31 and a?
31
Let p = -5 + 9. Let m be -8*p/(-6)*-6. Let b be (-3)/(-12)*-2*m. Calculate the highest common factor of 80 and b.
16
Let u = -43 - -10. Let d = u + 105. What is the highest common factor of 48 and d?
24
Let k be -4*((-235)/5 - 1). Calculate the highest common factor of 24 and k.
24
Let f = 26 + -13. Suppose -a + 6*a - 65 = 0. Calculate the highest common factor of f and a.
13
Let t(q) = -11*q + 6. Let l be t(6). Let c be (8/(-6))/(8/l). What is the highest common factor of 25 and c?
5
Let i be 0 + 17 - -2 - -1. Let h = 13 + -8. Suppose -3*s = -6, h*d - 1106 = 4*s - 7*s. What is the greatest common divisor of d and i?
20
Let o = 0 + 8. Let w be o/(-4) + 1*34. Calculate the highest common factor of w and 4.
4
Suppose 4*g = 5*g - 3. Let b be (-2)/(8/g - 2). Let p = b - -53. Calculate the greatest common factor of 10 and p.
10
Suppose -4*a = -2*g + 174, 0 = -2*a + 6*a - 12. Suppose -g = -5*c - 4*h, 2*c + 2*h + 3*h = 27. Calculate the greatest common factor of c and 3.
3
Let f(a) = -a**3 + a**2 - 54. Let s be f(0). Let x = 164 + s. Calculate the highest common factor of x and 22.
22
Let s be (22/4)/((-2)/(-4)). Let b(v) = -5*v - 1. Let t be b(-1). Suppose -25 = -t*k + 19. What is the highest common factor of s and k?
11
Suppose 2*x = 5*b - 152, 0 = 2*b - 3*x + x - 56. Let q = b + -8. Calculate the greatest common factor of 6 and q.
6
Let u(h) = -3*h - 11. Let l(j) = 2*j + 10. Let a(w) = 4*l(w) + 3*u(w). Let f be a(0). Calculate the highest common factor of 14 and f.
7
Let q = -29 + 43. What is the greatest common factor of 126 and q?
14
Let q be (29 - -1)*(21/(-14))/(-3). Suppose 4*g - t - 135 = g, -180 = -4*g + 5*t. What is the highest common factor of g and q?
15
Let t = -50 + 61. What is the highest common factor of t and 33?
11
Let j(m) = -12 + 5*m**2 - m**3 - 3*m + 11*m + 6. Let c be j(6). Calculate the greatest common divisor of c and 30.
6
Let u = 1 - -9. Suppose 3*b - 59 = 31. Calculate the highest common divisor of b and u.
10
Let v = 285 - 141. What is the highest common divisor of 18 and v?
18
Let m(c) be the first derivative of 9/2*c**2 - 1/3*c**3 + 11*c + 3. Let z be m(10). What is the greatest common divisor of 5 and z?
1
Suppose 5*j + 31 = 2*o - 9, -81 = -5*o + 3*j. What is the highest common factor of 10 and o?
5
Suppose 4*t - 3*p = -7, 5*t = p - 0 + 5. Let x = t - -5. Let m(d) = -d**3 - 11*d**2 - 13*d - 2. Let o be m(-10). What is the highest common divisor of o and x?
7
Let s(k) = k**2 + 6*k - 5. Let q be s(-7). Suppose 0 = q*w + 3*w - 170. Calculate the greatest common divisor of 51 and w.
17
Let w be (-244)/(-36) + (-4)/(-18). Suppose -3*n - 320 = -50. Let p = -41 - n. Calculate the highest common divisor of w and p.
7
Let p = -4 + 4. Let q = p - -4. Let u be 6/8 - (-25)/q. What is the highest common divisor of u and 7?
7
Suppose f - 11 = 2. Suppose -3*o + 94 = -17. Suppose -o = -4*w + 67. Calculate the highest common factor of w and f.
13
Let m(s) = -3*s - 8. Let c be m(-7). What is the greatest common divisor of c and 91?
13
Let v(k) = -k**3 + 5*k**2 - 2*k + 1. Let m be v(4). Let h = m - 6. Suppose 0 = -0*c - h*c + 42. What is the greatest common divisor of c and 2?
2
Suppose -45 = -3*c - 2*c. Let h(o) = -o + 19. Let b be (3 - -1)/((-6)/(-15)). Let s be h(b). Calculate the highest common divisor of s and c.
9
Let b be 12 - 1 - (-2 + 3). Suppose 0 = -5*o - 3*a - 5, -3*o + 3*a - 4 + 25 = 0. What is the greatest common factor of b and o?
2
Let k be 25/9 - 2/(-9). Suppose 0*l - k*l = -150. Calculate the highest common factor of l and 10.
10
Suppose -242 = -3*o + o. Let v(z) = 11*z**2 + z + 1. Let w be v(-1). What is the highest common divisor of w and o?
11
Suppose -n = 4*m - 12, 22 = n + 2*n + 5*m. Suppose 5*g - 180 = -n*z, -4*z + 2*z + 5*g = -90. Calculate the greatest common divisor of z and 5.
5
Let z be (-2)/3*45/(-6). Suppose 29*m - 33*m + 20 = 0. What is the highest common factor of z and m?
5
Let y = 176 - 120. What is the greatest common factor of y and 7?
7
Let m = -80 + 53. Let g be (-2)/(-8) + m/12. Let q be 1 + (67 - -2) - g. What is the highest common factor of 8 and q?
8
Let u(g) = -g**2 + 2*g + 3. Let b be u(3). Let a be b + 8*33/6. Suppose -22 = 3*q - 7*q + 2*k, k + 19 = 4*q. Calculate the highest common divisor of a and q.
4
Let j be 5/(-40) - (-33)/8. Suppose -4 = -j*w + 8. Calculate the highest common factor of 21 and w.
3
Suppose d = 28 + 119. Calculate the greatest common factor of d and 49.
49
Let z be (14/(-2))/(7/(-14)). What is the greatest common factor of z and 126?
14
Suppose -93 = 7*i - 4*i. Let b = -19 - i. What is the greatest common divisor of b and 4?
4
Suppose -2*g + 98 - 12 = 0. What is the highest common factor of 344 and g?
43
Suppose 0 = x - 4*x + 3. Let z be (4 + (x - -22))*1. Suppose -4*q + 2 + 10 = 0. What is the greatest common factor of q and z?
3
Let k(v) = v**3 + 7*v**2 + 6*v. Let l be k(-6). Suppose s + 2*s + 48 = l. Let i be s/(-3) + (-6)/(-9). What is the greatest common factor of i and 9?
3
Let y = 7 - -58. Suppose -200 = -4*u - 0*l + 5*l, y = u - 5*l. Calculate the greatest common divisor of 5 and u.
5
Suppose 3*y + 0*y = 0. Let h = y + 5. Calculate the greatest common factor of 5 and h.
5
Let q be ((-1)/(-3))/(1/21). Let f be (77/(-2))/((-2)/4). Calculate the greatest common factor of f and q.
7
Let b(g) = -18*g + 2. Suppose -3*q = -8*q - 45. Let j(f) = f**2 + 10*f + 2. Let y be j(q). 